{"id":47,"date":"2023-10-06T12:46:57","date_gmt":"2023-10-06T12:46:57","guid":{"rendered":"https:\/\/cardemilgestioninmobiliaria.cl\/?post_type=product&#038;p=47"},"modified":"2023-10-12T13:09:42","modified_gmt":"2023-10-12T13:09:42","slug":"arriendo-gran-marina-depto-amoblado2d-1b-5pers-penuelas","status":"publish","type":"product","link":"https:\/\/cardemilgestioninmobiliaria.cl\/index.php\/product\/arriendo-gran-marina-depto-amoblado2d-1b-5pers-penuelas\/","title":{"rendered":"ARRIENDO DEPARTAMENTO AMOBLADO,2D-1B, 5PERS, PE\u00d1UELAS"},"content":{"rendered":"<ul>\n<li><strong>Gran Marina en Coquimbo:<\/strong>Ubicado detr\u00e1s del Casino Enjoy, en la Avenida Los Pescadores 5301, este condominio se encuentra a pasos de la Avenida del Mar y la Ruta 5, ofreciendo una hermosa vista del mar.\n<p><strong>Comodidades Incluidas:<\/strong><\/p>\n<ul>\n<li><strong>Piscina:<\/strong> Ideal para disfrutar los d\u00edas soleados.<\/li>\n<li><strong>Quincho:<\/strong> Espacio para asados y reuniones al aire libre.<\/li>\n<li><strong>Juegos Infantiles:<\/strong> Entretenimiento para los m\u00e1s peque\u00f1os.<\/li>\n<li><strong>Lavander\u00eda:<\/strong> Facilita tus tareas diarias.<\/li>\n<li><strong>Sala Multiuso:<\/strong> Versatilidad para eventos y reuniones.<\/li>\n<li><strong>Estacionamiento:<\/strong> Comodidad y seguridad para tu veh\u00edculo.<\/li>\n<li><strong>Sala WiFi en 1\u00b0 Piso:<\/strong> Mantente conectado en todo momento.<\/li>\n<\/ul>\n<p><strong>Caracter\u00edsticas del Departamento:<\/strong><\/p>\n<ul>\n<li><strong>2 Habitaciones:<\/strong> Espacio para acomodar c\u00f3modamente a tu familia o grupo.<\/li>\n<li><strong>1 Ba\u00f1o:<\/strong> Comodidad y privacidad para los ocupantes.<\/li>\n<li><strong>Cocina Equipada:<\/strong> Cocina el\u00e9ctrica y completa para preparar tus comidas favoritas.<\/li>\n<li><strong>Amplia Sala y Comedor:<\/strong> Espacios para relajarte y disfrutar de tus comidas.<\/li>\n<li><strong>TV Cable y WiFi:<\/strong> Entretenimiento y conectividad garantizados.<\/li>\n<li><strong>Estacionamiento Privado:<\/strong> Tu veh\u00edculo estar\u00e1 seguro y accesible.<\/li>\n<li><strong>Balc\u00f3n con Hermosa Vista:<\/strong> Disfruta de la impresionante vista del mar desde tu propio balc\u00f3n.<\/li>\n<li><strong>Televisi\u00f3n en Todos los Dormitorios y Sala:<\/strong> Entretenimiento a tu alcance.<\/li>\n<\/ul>\n<p><strong>Tarifas y Aseo Final:<\/strong><\/p>\n<ul>\n<li>$55,000 diarios hasta diciembre (excepto feriados) con un m\u00ednimo de 3 noches.<\/li>\n<li>$65,000 diarios para verano 2022 con un m\u00ednimo de 7 noches.<\/li>\n<li>Aseo final: $25,000.<\/li>\n<\/ul>\n<p>Este condominio, Gran Marina en Coquimbo ofrece una ubicaci\u00f3n privilegiada, seguridad 24 horas y facilidades como una sala de lavander\u00eda. Con televisor en cada dormitorio y sala, tu entretenimiento est\u00e1 garantizado. Disfruta de una experiencia \u00fanica en la costa chilena.<\/p>\n<p>Cont\u00e1ctanos via whatsapp para mas informacion.<\/li>\n<\/ul>\n","protected":false},"excerpt":{"rendered":"<ul>\n<li>EL CONDOMINIO\u00a0 GRAN MARINA UBICADO ATR\u00c1S DEL CASINO ENJOY,.<\/li>\n<li>AVENIDA LOS PESCADORES 5301, COQUIMBO<\/li>\n<li>A PASOS DE LA AV DEL MAR Y DE LA RUTA 5, CON UNA VISTA PRECIOSA DE LA AV DEL MAR.<\/li>\n<\/ul>\n<div>EL CONDOMINIO INCLUYE:<\/div>\n<div><\/div>\n<div>\n<ol>\n<li>2 HABITACIONES<\/li>\n<li>1 BA\u00d1O<\/li>\n<li>BALC\u00d3N<\/li>\n<li>\u00a0ESTACIONAMIENTO<\/li>\n<li>PISCINA<\/li>\n<li>QUINCHO<\/li>\n<li>JUEGOS INFANTILES<\/li>\n<li>LAVANDER\u00cdA<\/li>\n<li>SALA MULTIUSO<\/li>\n<li>ESTACIONAMIENTO<\/li>\n<li>SALA WIFI EN 1\u00b0 PISO<\/li>\n<li>\n<div>\n<div>\n<p>VISTA A LA AV DEL MAR<\/p>\n<p>TELEVISIONES EN TODOS LOS DORMITORIOS Y LIVING<\/p>\n<p>$ 55.000 DIARIO HASTA DICIEMBRE EXCEPTO FERIADOS MIN 3 NOCHES<\/p>\n<p>$ 65.000 DIARIO VERANO 2022\u00a0 M\u00cdNIMO DE NOCHES: 7<\/p>\n<\/div>\n<\/div>\n<div>aseo final $ 25.000<\/div>\n<div><\/div>\n<\/li>\n<\/ol>\n<\/div>\n","protected":false},"featured_media":559,"comment_status":"closed","ping_status":"closed","template":"","meta":{"site-sidebar-layout":"default","site-content-layout":"default","ast-site-content-layout":"default","site-content-style":"default","site-sidebar-style":"default","ast-global-header-display":"","ast-banner-title-visibility":"","ast-main-header-display":"","ast-hfb-above-header-display":"","ast-hfb-below-header-display":"","ast-hfb-mobile-header-display":"","site-post-title":"","ast-breadcrumbs-content":"","ast-featured-img":"","footer-sml-layout":"","theme-transparent-header-meta":"default","adv-header-id-meta":"","stick-header-meta":"","header-above-stick-meta":"","header-main-stick-meta":"","header-below-stick-meta":"","astra-migrate-meta-layouts":"set","_joinchat":[]},"product_cat":[19,20],"product_tag":[18],"class_list":{"0":"post-47","1":"product","2":"type-product","3":"status-publish","4":"has-post-thumbnail","6":"product_cat-arriendo-diario","7":"product_cat-departamento-coquimbo","8":"product_tag-departamentos","9":"desktop-align-left","10":"tablet-align-left","11":"mobile-align-left","13":"first","14":"instock","15":"shipping-taxable","16":"purchasable","17":"product-type-simple"},"yoast_head":"<!-- This site is optimized with the Yoast SEO plugin v22.7 - https:\/\/yoast.com\/wordpress\/plugins\/seo\/ -->\n<title>GRAN MARINA | ARRIENDO DEPARTAMENTO EN PE\u00d1UELAS<\/title>\n<meta name=\"description\" content=\"CONDOMINIO GRAN MARINA UBICADO EN PE\u00d1UELAS , IV REGION, ARRIENDO DEPTO AMOBLADO PARA 5 PERSONAS , 2 DORMITORIOS , 1 BA\u00d1O , DETRAS DEL CASINO ENJOY\" \/>\n<meta name=\"robots\" content=\"index, follow, max-snippet:-1, max-image-preview:large, max-video-preview:-1\" \/>\n<link rel=\"canonical\" href=\"https:\/\/cardemilgestioninmobiliaria.cl\/index.php\/product\/arriendo-gran-marina-depto-amoblado2d-1b-5pers-penuelas\/\" \/>\n<meta property=\"og:locale\" content=\"en_US\" \/>\n<meta property=\"og:type\" content=\"article\" \/>\n<meta property=\"og:title\" content=\"GRAN MARINA | ARRIENDO DEPARTAMENTO EN PE\u00d1UELAS\" \/>\n<meta property=\"og:description\" content=\"CONDOMINIO GRAN MARINA UBICADO EN PE\u00d1UELAS , IV REGION, ARRIENDO DEPTO AMOBLADO PARA 5 PERSONAS , 2 DORMITORIOS , 1 BA\u00d1O , DETRAS DEL CASINO ENJOY\" \/>\n<meta property=\"og:url\" content=\"https:\/\/cardemilgestioninmobiliaria.cl\/index.php\/product\/arriendo-gran-marina-depto-amoblado2d-1b-5pers-penuelas\/\" \/>\n<meta property=\"og:site_name\" content=\"Arriendo Departamentos | La Serena Coquimbo | Vi\u00f1a del Mar\" \/>\n<meta property=\"article:modified_time\" content=\"2023-10-12T13:09:42+00:00\" \/>\n<meta property=\"og:image\" content=\"https:\/\/cardemilgestioninmobiliaria.cl\/wp-content\/uploads\/2023\/10\/20210908_174733-1-e1634250153590-scaled.jpg\" \/>\n\t<meta property=\"og:image:width\" content=\"1920\" \/>\n\t<meta property=\"og:image:height\" content=\"2560\" \/>\n\t<meta property=\"og:image:type\" content=\"image\/jpeg\" \/>\n<meta name=\"twitter:card\" content=\"summary_large_image\" \/>\n<meta name=\"twitter:label1\" content=\"Est. reading time\" \/>\n\t<meta name=\"twitter:data1\" content=\"2 minutes\" \/>\n<script type=\"application\/ld+json\" class=\"yoast-schema-graph\">{\"@context\":\"https:\/\/schema.org\",\"@graph\":[{\"@type\":\"WebPage\",\"@id\":\"https:\/\/cardemilgestioninmobiliaria.cl\/index.php\/product\/arriendo-gran-marina-depto-amoblado2d-1b-5pers-penuelas\/\",\"url\":\"https:\/\/cardemilgestioninmobiliaria.cl\/index.php\/product\/arriendo-gran-marina-depto-amoblado2d-1b-5pers-penuelas\/\",\"name\":\"GRAN MARINA | ARRIENDO DEPARTAMENTO EN PE\u00d1UELAS\",\"isPartOf\":{\"@id\":\"https:\/\/cardemilgestioninmobiliaria.cl\/#website\"},\"primaryImageOfPage\":{\"@id\":\"https:\/\/cardemilgestioninmobiliaria.cl\/index.php\/product\/arriendo-gran-marina-depto-amoblado2d-1b-5pers-penuelas\/#primaryimage\"},\"image\":{\"@id\":\"https:\/\/cardemilgestioninmobiliaria.cl\/index.php\/product\/arriendo-gran-marina-depto-amoblado2d-1b-5pers-penuelas\/#primaryimage\"},\"thumbnailUrl\":\"https:\/\/cardemilgestioninmobiliaria.cl\/wp-content\/uploads\/2023\/10\/20210908_174733-1-e1634250153590-scaled.jpg\",\"datePublished\":\"2023-10-06T12:46:57+00:00\",\"dateModified\":\"2023-10-12T13:09:42+00:00\",\"description\":\"CONDOMINIO GRAN MARINA UBICADO EN PE\u00d1UELAS , IV REGION, ARRIENDO DEPTO AMOBLADO PARA 5 PERSONAS , 2 DORMITORIOS , 1 BA\u00d1O , DETRAS DEL CASINO ENJOY\",\"breadcrumb\":{\"@id\":\"https:\/\/cardemilgestioninmobiliaria.cl\/index.php\/product\/arriendo-gran-marina-depto-amoblado2d-1b-5pers-penuelas\/#breadcrumb\"},\"inLanguage\":\"en-US\",\"potentialAction\":[{\"@type\":\"ReadAction\",\"target\":[\"https:\/\/cardemilgestioninmobiliaria.cl\/index.php\/product\/arriendo-gran-marina-depto-amoblado2d-1b-5pers-penuelas\/\"]}]},{\"@type\":\"ImageObject\",\"inLanguage\":\"en-US\",\"@id\":\"https:\/\/cardemilgestioninmobiliaria.cl\/index.php\/product\/arriendo-gran-marina-depto-amoblado2d-1b-5pers-penuelas\/#primaryimage\",\"url\":\"https:\/\/cardemilgestioninmobiliaria.cl\/wp-content\/uploads\/2023\/10\/20210908_174733-1-e1634250153590-scaled.jpg\",\"contentUrl\":\"https:\/\/cardemilgestioninmobiliaria.cl\/wp-content\/uploads\/2023\/10\/20210908_174733-1-e1634250153590-scaled.jpg\",\"width\":1920,\"height\":2560},{\"@type\":\"BreadcrumbList\",\"@id\":\"https:\/\/cardemilgestioninmobiliaria.cl\/index.php\/product\/arriendo-gran-marina-depto-amoblado2d-1b-5pers-penuelas\/#breadcrumb\",\"itemListElement\":[{\"@type\":\"ListItem\",\"position\":1,\"name\":\"Home\",\"item\":\"https:\/\/cardemilgestioninmobiliaria.cl\/\"},{\"@type\":\"ListItem\",\"position\":2,\"name\":\"Products\",\"item\":\"https:\/\/cardemilgestioninmobiliaria.cl\/index.php\/shop\/\"},{\"@type\":\"ListItem\",\"position\":3,\"name\":\"ARRIENDO DEPARTAMENTO AMOBLADO,2D-1B, 5PERS, PE\u00d1UELAS\"}]},{\"@type\":\"WebSite\",\"@id\":\"https:\/\/cardemilgestioninmobiliaria.cl\/#website\",\"url\":\"https:\/\/cardemilgestioninmobiliaria.cl\/\",\"name\":\"Arriendo Departamentos | La Serena Coquimbo | Vi\u00f1a del Mar\",\"description\":\"\",\"publisher\":{\"@id\":\"https:\/\/cardemilgestioninmobiliaria.cl\/#organization\"},\"potentialAction\":[{\"@type\":\"SearchAction\",\"target\":{\"@type\":\"EntryPoint\",\"urlTemplate\":\"https:\/\/cardemilgestioninmobiliaria.cl\/?s={search_term_string}\"},\"query-input\":\"required name=search_term_string\"}],\"inLanguage\":\"en-US\"},{\"@type\":\"Organization\",\"@id\":\"https:\/\/cardemilgestioninmobiliaria.cl\/#organization\",\"name\":\"Arriendo Departamentos | La Serena Coquimbo | Vi\u00f1a del Mar\",\"url\":\"https:\/\/cardemilgestioninmobiliaria.cl\/\",\"logo\":{\"@type\":\"ImageObject\",\"inLanguage\":\"en-US\",\"@id\":\"https:\/\/cardemilgestioninmobiliaria.cl\/#\/schema\/logo\/image\/\",\"url\":\"https:\/\/cardemilgestioninmobiliaria.cl\/wp-content\/uploads\/2023\/10\/cropped-logo.png\",\"contentUrl\":\"https:\/\/cardemilgestioninmobiliaria.cl\/wp-content\/uploads\/2023\/10\/cropped-logo.png\",\"width\":312,\"height\":104,\"caption\":\"Arriendo Departamentos  | La Serena Coquimbo | Vi\u00f1a del Mar\"},\"image\":{\"@id\":\"https:\/\/cardemilgestioninmobiliaria.cl\/#\/schema\/logo\/image\/\"}}]}<\/script>\n<!-- \/ Yoast SEO plugin. -->","yoast_head_json":{"title":"GRAN MARINA | ARRIENDO DEPARTAMENTO EN PE\u00d1UELAS","description":"CONDOMINIO GRAN MARINA UBICADO EN PE\u00d1UELAS , IV REGION, ARRIENDO DEPTO AMOBLADO PARA 5 PERSONAS , 2 DORMITORIOS , 1 BA\u00d1O , DETRAS DEL CASINO ENJOY","robots":{"index":"index","follow":"follow","max-snippet":"max-snippet:-1","max-image-preview":"max-image-preview:large","max-video-preview":"max-video-preview:-1"},"canonical":"https:\/\/cardemilgestioninmobiliaria.cl\/index.php\/product\/arriendo-gran-marina-depto-amoblado2d-1b-5pers-penuelas\/","og_locale":"en_US","og_type":"article","og_title":"GRAN MARINA | ARRIENDO DEPARTAMENTO EN PE\u00d1UELAS","og_description":"CONDOMINIO GRAN MARINA UBICADO EN PE\u00d1UELAS , IV REGION, ARRIENDO DEPTO AMOBLADO PARA 5 PERSONAS , 2 DORMITORIOS , 1 BA\u00d1O , DETRAS DEL CASINO ENJOY","og_url":"https:\/\/cardemilgestioninmobiliaria.cl\/index.php\/product\/arriendo-gran-marina-depto-amoblado2d-1b-5pers-penuelas\/","og_site_name":"Arriendo Departamentos | La Serena Coquimbo | Vi\u00f1a del Mar","article_modified_time":"2023-10-12T13:09:42+00:00","og_image":[{"width":1920,"height":2560,"url":"https:\/\/cardemilgestioninmobiliaria.cl\/wp-content\/uploads\/2023\/10\/20210908_174733-1-e1634250153590-scaled.jpg","type":"image\/jpeg"}],"twitter_card":"summary_large_image","twitter_misc":{"Est. reading time":"2 minutes"},"schema":{"@context":"https:\/\/schema.org","@graph":[{"@type":"WebPage","@id":"https:\/\/cardemilgestioninmobiliaria.cl\/index.php\/product\/arriendo-gran-marina-depto-amoblado2d-1b-5pers-penuelas\/","url":"https:\/\/cardemilgestioninmobiliaria.cl\/index.php\/product\/arriendo-gran-marina-depto-amoblado2d-1b-5pers-penuelas\/","name":"GRAN MARINA | ARRIENDO DEPARTAMENTO EN PE\u00d1UELAS","isPartOf":{"@id":"https:\/\/cardemilgestioninmobiliaria.cl\/#website"},"primaryImageOfPage":{"@id":"https:\/\/cardemilgestioninmobiliaria.cl\/index.php\/product\/arriendo-gran-marina-depto-amoblado2d-1b-5pers-penuelas\/#primaryimage"},"image":{"@id":"https:\/\/cardemilgestioninmobiliaria.cl\/index.php\/product\/arriendo-gran-marina-depto-amoblado2d-1b-5pers-penuelas\/#primaryimage"},"thumbnailUrl":"https:\/\/cardemilgestioninmobiliaria.cl\/wp-content\/uploads\/2023\/10\/20210908_174733-1-e1634250153590-scaled.jpg","datePublished":"2023-10-06T12:46:57+00:00","dateModified":"2023-10-12T13:09:42+00:00","description":"CONDOMINIO GRAN MARINA UBICADO EN PE\u00d1UELAS , IV REGION, ARRIENDO DEPTO AMOBLADO PARA 5 PERSONAS , 2 DORMITORIOS , 1 BA\u00d1O , DETRAS DEL CASINO ENJOY","breadcrumb":{"@id":"https:\/\/cardemilgestioninmobiliaria.cl\/index.php\/product\/arriendo-gran-marina-depto-amoblado2d-1b-5pers-penuelas\/#breadcrumb"},"inLanguage":"en-US","potentialAction":[{"@type":"ReadAction","target":["https:\/\/cardemilgestioninmobiliaria.cl\/index.php\/product\/arriendo-gran-marina-depto-amoblado2d-1b-5pers-penuelas\/"]}]},{"@type":"ImageObject","inLanguage":"en-US","@id":"https:\/\/cardemilgestioninmobiliaria.cl\/index.php\/product\/arriendo-gran-marina-depto-amoblado2d-1b-5pers-penuelas\/#primaryimage","url":"https:\/\/cardemilgestioninmobiliaria.cl\/wp-content\/uploads\/2023\/10\/20210908_174733-1-e1634250153590-scaled.jpg","contentUrl":"https:\/\/cardemilgestioninmobiliaria.cl\/wp-content\/uploads\/2023\/10\/20210908_174733-1-e1634250153590-scaled.jpg","width":1920,"height":2560},{"@type":"BreadcrumbList","@id":"https:\/\/cardemilgestioninmobiliaria.cl\/index.php\/product\/arriendo-gran-marina-depto-amoblado2d-1b-5pers-penuelas\/#breadcrumb","itemListElement":[{"@type":"ListItem","position":1,"name":"Home","item":"https:\/\/cardemilgestioninmobiliaria.cl\/"},{"@type":"ListItem","position":2,"name":"Products","item":"https:\/\/cardemilgestioninmobiliaria.cl\/index.php\/shop\/"},{"@type":"ListItem","position":3,"name":"ARRIENDO DEPARTAMENTO AMOBLADO,2D-1B, 5PERS, PE\u00d1UELAS"}]},{"@type":"WebSite","@id":"https:\/\/cardemilgestioninmobiliaria.cl\/#website","url":"https:\/\/cardemilgestioninmobiliaria.cl\/","name":"Arriendo Departamentos | La Serena Coquimbo | Vi\u00f1a del Mar","description":"","publisher":{"@id":"https:\/\/cardemilgestioninmobiliaria.cl\/#organization"},"potentialAction":[{"@type":"SearchAction","target":{"@type":"EntryPoint","urlTemplate":"https:\/\/cardemilgestioninmobiliaria.cl\/?s={search_term_string}"},"query-input":"required name=search_term_string"}],"inLanguage":"en-US"},{"@type":"Organization","@id":"https:\/\/cardemilgestioninmobiliaria.cl\/#organization","name":"Arriendo Departamentos | La Serena Coquimbo | Vi\u00f1a del Mar","url":"https:\/\/cardemilgestioninmobiliaria.cl\/","logo":{"@type":"ImageObject","inLanguage":"en-US","@id":"https:\/\/cardemilgestioninmobiliaria.cl\/#\/schema\/logo\/image\/","url":"https:\/\/cardemilgestioninmobiliaria.cl\/wp-content\/uploads\/2023\/10\/cropped-logo.png","contentUrl":"https:\/\/cardemilgestioninmobiliaria.cl\/wp-content\/uploads\/2023\/10\/cropped-logo.png","width":312,"height":104,"caption":"Arriendo Departamentos  | La Serena Coquimbo | Vi\u00f1a del Mar"},"image":{"@id":"https:\/\/cardemilgestioninmobiliaria.cl\/#\/schema\/logo\/image\/"}}]}},"_links":{"self":[{"href":"https:\/\/cardemilgestioninmobiliaria.cl\/index.php\/wp-json\/wp\/v2\/product\/47","targetHints":{"allow":["GET"]}}],"collection":[{"href":"https:\/\/cardemilgestioninmobiliaria.cl\/index.php\/wp-json\/wp\/v2\/product"}],"about":[{"href":"https:\/\/cardemilgestioninmobiliaria.cl\/index.php\/wp-json\/wp\/v2\/types\/product"}],"replies":[{"embeddable":true,"href":"https:\/\/cardemilgestioninmobiliaria.cl\/index.php\/wp-json\/wp\/v2\/comments?post=47"}],"wp:featuredmedia":[{"embeddable":true,"href":"https:\/\/cardemilgestioninmobiliaria.cl\/index.php\/wp-json\/wp\/v2\/media\/559"}],"wp:attachment":[{"href":"https:\/\/cardemilgestioninmobiliaria.cl\/index.php\/wp-json\/wp\/v2\/media?parent=47"}],"wp:term":[{"taxonomy":"product_cat","embeddable":true,"href":"https:\/\/cardemilgestioninmobiliaria.cl\/index.php\/wp-json\/wp\/v2\/product_cat?post=47"},{"taxonomy":"product_tag","embeddable":true,"href":"https:\/\/cardemilgestioninmobiliaria.cl\/index.php\/wp-json\/wp\/v2\/product_tag?post=47"}],"curies":[{"name":"wp","href":"https:\/\/api.w.org\/{rel}","templated":true}]}}