{"id":21,"date":"2023-10-06T12:46:49","date_gmt":"2023-10-06T12:46:49","guid":{"rendered":"https:\/\/cardemilgestioninmobiliaria.cl\/?post_type=product&#038;p=21"},"modified":"2023-10-12T16:38:05","modified_gmt":"2023-10-12T16:38:05","slug":"arriendo-dpto-condominio-reinos-celtas-3d-1b-5-pers-4","status":"publish","type":"product","link":"https:\/\/cardemilgestioninmobiliaria.cl\/index.php\/product\/arriendo-dpto-condominio-reinos-celtas-3d-1b-5-pers-4\/","title":{"rendered":"ARRIENDO DEPARTAMENTO AMOBLADO A\u00d1O CORRIDO,3D-1B, 5 PERS, 4 ESQUINA"},"content":{"rendered":"<div class=\"flex flex-grow flex-col gap-3 max-w-full\">\n<div class=\"min-h-[20px] flex flex-col items-start gap-3 whitespace-pre-wrap break-words overflow-x-auto\">\n<div class=\"markdown prose w-full break-words dark:prose-invert light\">\n<p><strong>Arriendo departamento Amoblado en el Condominio Reinos Celtas &#8211; Excelente Ubicaci\u00f3n<\/strong><\/p>\n<p>Este acogedor departamento te ofrece una estancia c\u00f3moda y conveniente en el Condominio Reinos Celtas. Su ubicaci\u00f3n es inmejorable, a solo pasos del mar y a media cuadra de la esquina.<\/p>\n<p>El condominio proporciona arriendo departamento amoblado, comodidades ideales, como juegos infantiles, estacionamiento y \u00e1reas verdes para tu disfrute.<\/p>\n<p>Alojamiento con capacidad para acomodar hasta 5 personas y consta de 3 dormitorios, 1 ba\u00f1o y una cocina americana totalmente equipada. Tambi\u00e9n encontrar\u00e1s una acogedora sala de estar y comedor, un balc\u00f3n con vistas a la cordillera y una lavadora en la logia.<\/p>\n<p>Para tu entretenimiento, se ofrece TV por cable (a cargo del hu\u00e9sped) y WiFi m\u00f3vil (costo adicional). El alojamiento se encuentra en el primer piso, lo que facilita el acceso.<\/p>\n<p>El costo de arriendo es de $320,000 al a\u00f1o, incluyendo los gastos comunes. Esta es una oportunidad excepcional para disfrutar de una estancia prolongada en un lugar conveniente y c\u00f3modo.<\/p>\n<p>Este departamento amoblado en el Condominio Reinos Celtas es un hallazgo excepcional.<\/p>\n<p>Su ubicaci\u00f3n en esquina, cerca del Pac\u00edfico y a solo media cuadra de la playa, brinda acceso r\u00e1pido a la belleza costera de la ciudad.<\/p>\n<p>El departamento es espacioso y puede acomodar hasta 5 personas con 3 dormitorios, 1 ba\u00f1o y una cocina americana equipada.<\/p>\n<p>Para obtener m\u00e1s informaci\u00f3n o realizar una reserva, no dudes en ponerte en contacto con nosotros. \u00a1Haz que tu estad\u00eda en esta encantadora ciudad sea inolvidable en el Condominio Reinos Celtas!<\/p>\n<\/div>\n<\/div>\n<\/div>\n","protected":false},"excerpt":{"rendered":"<div>A\u00d1O CORRIDO\u00a0 $ 320.000 INCLUIDO GASTOS COMUNES<\/div>\n<div>EL DEPARTAMENTO TIENE CAPACIDAD DE 5 PERSONAS<\/div>\n<div>EL DEPARTAMENTO INCLUYE:<\/div>\n<div><\/div>\n<div>\n<ol>\n<li>\n<ol>\n<li>3 DORMITORIOS<\/li>\n<li>1 BA\u00d1O<\/li>\n<\/ol>\n<\/li>\n<\/ol>\n<ul>\n<li>COCINA AMERICANA<\/li>\n<li>LIVING<\/li>\n<li>COMEDOR<\/li>\n<\/ul>\n<ul>\n<li>BALCON\u00a0VISTA A LA CORDILLERA<\/li>\n<li>TV CABLE A PARTE<\/li>\n<li>PISO 1<\/li>\n<li>SABANAS<\/li>\n<li>LAVADORA EN LOGGIA<\/li>\n<li>WIFI M\u00d3VIL\u00a0 A PARTE<\/li>\n<\/ul>\n<p>ARRIENDO DEPARTAMENTO AMOBLADO EN EL CONDOMINIO REINOS CELTAS EST\u00c1 UBICADO EN ESQUINA PACIFICO A PASOS DE DEL MAR Y A 1\/2 CUADRA DE ESQUINA, EL<br \/>\nCONDOMINIO INCLUYE:<\/p>\n<div>\n<ol>\n<li>JUEGOS INFANTILES<\/li>\n<li>ESTACIONAMIENTO<\/li>\n<li>\u00c1REAS VERDES<\/li>\n<\/ol>\n<\/div>\n<p>&nbsp;<\/p>\n<\/div>\n","protected":false},"featured_media":94,"comment_status":"open","ping_status":"closed","template":"","meta":{"site-sidebar-layout":"default","site-content-layout":"","ast-site-content-layout":"default","site-content-style":"default","site-sidebar-style":"default","ast-global-header-display":"","ast-banner-title-visibility":"","ast-main-header-display":"","ast-hfb-above-header-display":"","ast-hfb-below-header-display":"","ast-hfb-mobile-header-display":"","site-post-title":"","ast-breadcrumbs-content":"","ast-featured-img":"","footer-sml-layout":"","theme-transparent-header-meta":"default","adv-header-id-meta":"","stick-header-meta":"","header-above-stick-meta":"","header-main-stick-meta":"","header-below-stick-meta":"","astra-migrate-meta-layouts":"set","_joinchat":[]},"product_cat":[17],"product_tag":[18],"class_list":{"0":"post-21","1":"product","2":"type-product","3":"status-publish","4":"has-post-thumbnail","6":"product_cat-arriendo-anual","7":"product_tag-departamentos","8":"desktop-align-left","9":"tablet-align-left","10":"mobile-align-left","12":"first","13":"outofstock","14":"shipping-taxable","15":"purchasable","16":"product-type-simple"},"yoast_head":"<!-- This site is optimized with the Yoast SEO plugin v22.7 - https:\/\/yoast.com\/wordpress\/plugins\/seo\/ -->\n<title>CONDOMINIO REINOS CELTAS | ARRIENDO DEPTO<\/title>\n<meta name=\"description\" content=\"CONDOMINIO REINOS CELTAS , ARRIENDO DEPARTAMENTO AMOBLADO, LAS PE\u00d1UELAS, IV REGION ARRIENDO DEPARTAMENTO AMOBLADO A\u00d1O CORRIDO,3D-1B, 5 PERS, 4 ESQUINA\" \/>\n<meta name=\"robots\" content=\"index, follow, max-snippet:-1, max-image-preview:large, max-video-preview:-1\" \/>\n<link rel=\"canonical\" href=\"https:\/\/cardemilgestioninmobiliaria.cl\/index.php\/product\/arriendo-dpto-condominio-reinos-celtas-3d-1b-5-pers-4\/\" \/>\n<meta property=\"og:locale\" content=\"en_US\" \/>\n<meta property=\"og:type\" content=\"article\" \/>\n<meta property=\"og:title\" content=\"CONDOMINIO REINOS CELTAS | ARRIENDO DEPTO\" \/>\n<meta property=\"og:description\" content=\"CONDOMINIO REINOS CELTAS , ARRIENDO DEPARTAMENTO AMOBLADO, LAS PE\u00d1UELAS, IV REGION ARRIENDO DEPARTAMENTO AMOBLADO A\u00d1O CORRIDO,3D-1B, 5 PERS, 4 ESQUINA\" \/>\n<meta property=\"og:url\" content=\"https:\/\/cardemilgestioninmobiliaria.cl\/index.php\/product\/arriendo-dpto-condominio-reinos-celtas-3d-1b-5-pers-4\/\" \/>\n<meta property=\"og:site_name\" content=\"Arriendo Departamentos | La Serena Coquimbo | Vi\u00f1a del Mar\" \/>\n<meta property=\"article:modified_time\" content=\"2023-10-12T16:38:05+00:00\" \/>\n<meta property=\"og:image\" content=\"https:\/\/cardemilgestioninmobiliaria.cl\/wp-content\/uploads\/2023\/10\/EB-BG3070-2.jpg\" \/>\n\t<meta property=\"og:image:width\" content=\"1200\" \/>\n\t<meta property=\"og:image:height\" content=\"900\" \/>\n\t<meta property=\"og:image:type\" content=\"image\/jpeg\" \/>\n<meta name=\"twitter:card\" content=\"summary_large_image\" \/>\n<meta name=\"twitter:label1\" content=\"Est. reading time\" \/>\n\t<meta name=\"twitter:data1\" content=\"2 minutes\" \/>\n<script type=\"application\/ld+json\" class=\"yoast-schema-graph\">{\"@context\":\"https:\/\/schema.org\",\"@graph\":[{\"@type\":\"WebPage\",\"@id\":\"https:\/\/cardemilgestioninmobiliaria.cl\/index.php\/product\/arriendo-dpto-condominio-reinos-celtas-3d-1b-5-pers-4\/\",\"url\":\"https:\/\/cardemilgestioninmobiliaria.cl\/index.php\/product\/arriendo-dpto-condominio-reinos-celtas-3d-1b-5-pers-4\/\",\"name\":\"CONDOMINIO REINOS CELTAS | ARRIENDO DEPTO\",\"isPartOf\":{\"@id\":\"https:\/\/cardemilgestioninmobiliaria.cl\/#website\"},\"primaryImageOfPage\":{\"@id\":\"https:\/\/cardemilgestioninmobiliaria.cl\/index.php\/product\/arriendo-dpto-condominio-reinos-celtas-3d-1b-5-pers-4\/#primaryimage\"},\"image\":{\"@id\":\"https:\/\/cardemilgestioninmobiliaria.cl\/index.php\/product\/arriendo-dpto-condominio-reinos-celtas-3d-1b-5-pers-4\/#primaryimage\"},\"thumbnailUrl\":\"https:\/\/cardemilgestioninmobiliaria.cl\/wp-content\/uploads\/2023\/10\/EB-BG3070-2.jpg\",\"datePublished\":\"2023-10-06T12:46:49+00:00\",\"dateModified\":\"2023-10-12T16:38:05+00:00\",\"description\":\"CONDOMINIO REINOS CELTAS , ARRIENDO DEPARTAMENTO AMOBLADO, LAS PE\u00d1UELAS, IV REGION ARRIENDO DEPARTAMENTO AMOBLADO A\u00d1O CORRIDO,3D-1B, 5 PERS, 4 ESQUINA\",\"breadcrumb\":{\"@id\":\"https:\/\/cardemilgestioninmobiliaria.cl\/index.php\/product\/arriendo-dpto-condominio-reinos-celtas-3d-1b-5-pers-4\/#breadcrumb\"},\"inLanguage\":\"en-US\",\"potentialAction\":[{\"@type\":\"ReadAction\",\"target\":[\"https:\/\/cardemilgestioninmobiliaria.cl\/index.php\/product\/arriendo-dpto-condominio-reinos-celtas-3d-1b-5-pers-4\/\"]}]},{\"@type\":\"ImageObject\",\"inLanguage\":\"en-US\",\"@id\":\"https:\/\/cardemilgestioninmobiliaria.cl\/index.php\/product\/arriendo-dpto-condominio-reinos-celtas-3d-1b-5-pers-4\/#primaryimage\",\"url\":\"https:\/\/cardemilgestioninmobiliaria.cl\/wp-content\/uploads\/2023\/10\/EB-BG3070-2.jpg\",\"contentUrl\":\"https:\/\/cardemilgestioninmobiliaria.cl\/wp-content\/uploads\/2023\/10\/EB-BG3070-2.jpg\",\"width\":1200,\"height\":900},{\"@type\":\"BreadcrumbList\",\"@id\":\"https:\/\/cardemilgestioninmobiliaria.cl\/index.php\/product\/arriendo-dpto-condominio-reinos-celtas-3d-1b-5-pers-4\/#breadcrumb\",\"itemListElement\":[{\"@type\":\"ListItem\",\"position\":1,\"name\":\"Home\",\"item\":\"https:\/\/cardemilgestioninmobiliaria.cl\/\"},{\"@type\":\"ListItem\",\"position\":2,\"name\":\"Products\",\"item\":\"https:\/\/cardemilgestioninmobiliaria.cl\/index.php\/shop\/\"},{\"@type\":\"ListItem\",\"position\":3,\"name\":\"ARRIENDO DEPARTAMENTO AMOBLADO A\u00d1O CORRIDO,3D-1B, 5 PERS, 4 ESQUINA\"}]},{\"@type\":\"WebSite\",\"@id\":\"https:\/\/cardemilgestioninmobiliaria.cl\/#website\",\"url\":\"https:\/\/cardemilgestioninmobiliaria.cl\/\",\"name\":\"Arriendo Departamentos | La Serena Coquimbo | Vi\u00f1a del Mar\",\"description\":\"\",\"publisher\":{\"@id\":\"https:\/\/cardemilgestioninmobiliaria.cl\/#organization\"},\"potentialAction\":[{\"@type\":\"SearchAction\",\"target\":{\"@type\":\"EntryPoint\",\"urlTemplate\":\"https:\/\/cardemilgestioninmobiliaria.cl\/?s={search_term_string}\"},\"query-input\":\"required name=search_term_string\"}],\"inLanguage\":\"en-US\"},{\"@type\":\"Organization\",\"@id\":\"https:\/\/cardemilgestioninmobiliaria.cl\/#organization\",\"name\":\"Arriendo Departamentos | La Serena Coquimbo | Vi\u00f1a del Mar\",\"url\":\"https:\/\/cardemilgestioninmobiliaria.cl\/\",\"logo\":{\"@type\":\"ImageObject\",\"inLanguage\":\"en-US\",\"@id\":\"https:\/\/cardemilgestioninmobiliaria.cl\/#\/schema\/logo\/image\/\",\"url\":\"https:\/\/cardemilgestioninmobiliaria.cl\/wp-content\/uploads\/2023\/10\/cropped-logo.png\",\"contentUrl\":\"https:\/\/cardemilgestioninmobiliaria.cl\/wp-content\/uploads\/2023\/10\/cropped-logo.png\",\"width\":312,\"height\":104,\"caption\":\"Arriendo Departamentos  | La Serena Coquimbo | Vi\u00f1a del Mar\"},\"image\":{\"@id\":\"https:\/\/cardemilgestioninmobiliaria.cl\/#\/schema\/logo\/image\/\"}}]}<\/script>\n<!-- \/ Yoast SEO plugin. -->","yoast_head_json":{"title":"CONDOMINIO REINOS CELTAS | ARRIENDO DEPTO","description":"CONDOMINIO REINOS CELTAS , ARRIENDO DEPARTAMENTO AMOBLADO, LAS PE\u00d1UELAS, IV REGION ARRIENDO DEPARTAMENTO AMOBLADO A\u00d1O CORRIDO,3D-1B, 5 PERS, 4 ESQUINA","robots":{"index":"index","follow":"follow","max-snippet":"max-snippet:-1","max-image-preview":"max-image-preview:large","max-video-preview":"max-video-preview:-1"},"canonical":"https:\/\/cardemilgestioninmobiliaria.cl\/index.php\/product\/arriendo-dpto-condominio-reinos-celtas-3d-1b-5-pers-4\/","og_locale":"en_US","og_type":"article","og_title":"CONDOMINIO REINOS CELTAS | ARRIENDO DEPTO","og_description":"CONDOMINIO REINOS CELTAS , ARRIENDO DEPARTAMENTO AMOBLADO, LAS PE\u00d1UELAS, IV REGION ARRIENDO DEPARTAMENTO AMOBLADO A\u00d1O CORRIDO,3D-1B, 5 PERS, 4 ESQUINA","og_url":"https:\/\/cardemilgestioninmobiliaria.cl\/index.php\/product\/arriendo-dpto-condominio-reinos-celtas-3d-1b-5-pers-4\/","og_site_name":"Arriendo Departamentos | La Serena Coquimbo | Vi\u00f1a del Mar","article_modified_time":"2023-10-12T16:38:05+00:00","og_image":[{"width":1200,"height":900,"url":"https:\/\/cardemilgestioninmobiliaria.cl\/wp-content\/uploads\/2023\/10\/EB-BG3070-2.jpg","type":"image\/jpeg"}],"twitter_card":"summary_large_image","twitter_misc":{"Est. reading time":"2 minutes"},"schema":{"@context":"https:\/\/schema.org","@graph":[{"@type":"WebPage","@id":"https:\/\/cardemilgestioninmobiliaria.cl\/index.php\/product\/arriendo-dpto-condominio-reinos-celtas-3d-1b-5-pers-4\/","url":"https:\/\/cardemilgestioninmobiliaria.cl\/index.php\/product\/arriendo-dpto-condominio-reinos-celtas-3d-1b-5-pers-4\/","name":"CONDOMINIO REINOS CELTAS | ARRIENDO DEPTO","isPartOf":{"@id":"https:\/\/cardemilgestioninmobiliaria.cl\/#website"},"primaryImageOfPage":{"@id":"https:\/\/cardemilgestioninmobiliaria.cl\/index.php\/product\/arriendo-dpto-condominio-reinos-celtas-3d-1b-5-pers-4\/#primaryimage"},"image":{"@id":"https:\/\/cardemilgestioninmobiliaria.cl\/index.php\/product\/arriendo-dpto-condominio-reinos-celtas-3d-1b-5-pers-4\/#primaryimage"},"thumbnailUrl":"https:\/\/cardemilgestioninmobiliaria.cl\/wp-content\/uploads\/2023\/10\/EB-BG3070-2.jpg","datePublished":"2023-10-06T12:46:49+00:00","dateModified":"2023-10-12T16:38:05+00:00","description":"CONDOMINIO REINOS CELTAS , ARRIENDO DEPARTAMENTO AMOBLADO, LAS PE\u00d1UELAS, IV REGION ARRIENDO DEPARTAMENTO AMOBLADO A\u00d1O CORRIDO,3D-1B, 5 PERS, 4 ESQUINA","breadcrumb":{"@id":"https:\/\/cardemilgestioninmobiliaria.cl\/index.php\/product\/arriendo-dpto-condominio-reinos-celtas-3d-1b-5-pers-4\/#breadcrumb"},"inLanguage":"en-US","potentialAction":[{"@type":"ReadAction","target":["https:\/\/cardemilgestioninmobiliaria.cl\/index.php\/product\/arriendo-dpto-condominio-reinos-celtas-3d-1b-5-pers-4\/"]}]},{"@type":"ImageObject","inLanguage":"en-US","@id":"https:\/\/cardemilgestioninmobiliaria.cl\/index.php\/product\/arriendo-dpto-condominio-reinos-celtas-3d-1b-5-pers-4\/#primaryimage","url":"https:\/\/cardemilgestioninmobiliaria.cl\/wp-content\/uploads\/2023\/10\/EB-BG3070-2.jpg","contentUrl":"https:\/\/cardemilgestioninmobiliaria.cl\/wp-content\/uploads\/2023\/10\/EB-BG3070-2.jpg","width":1200,"height":900},{"@type":"BreadcrumbList","@id":"https:\/\/cardemilgestioninmobiliaria.cl\/index.php\/product\/arriendo-dpto-condominio-reinos-celtas-3d-1b-5-pers-4\/#breadcrumb","itemListElement":[{"@type":"ListItem","position":1,"name":"Home","item":"https:\/\/cardemilgestioninmobiliaria.cl\/"},{"@type":"ListItem","position":2,"name":"Products","item":"https:\/\/cardemilgestioninmobiliaria.cl\/index.php\/shop\/"},{"@type":"ListItem","position":3,"name":"ARRIENDO DEPARTAMENTO AMOBLADO A\u00d1O CORRIDO,3D-1B, 5 PERS, 4 ESQUINA"}]},{"@type":"WebSite","@id":"https:\/\/cardemilgestioninmobiliaria.cl\/#website","url":"https:\/\/cardemilgestioninmobiliaria.cl\/","name":"Arriendo Departamentos | La Serena Coquimbo | Vi\u00f1a del Mar","description":"","publisher":{"@id":"https:\/\/cardemilgestioninmobiliaria.cl\/#organization"},"potentialAction":[{"@type":"SearchAction","target":{"@type":"EntryPoint","urlTemplate":"https:\/\/cardemilgestioninmobiliaria.cl\/?s={search_term_string}"},"query-input":"required name=search_term_string"}],"inLanguage":"en-US"},{"@type":"Organization","@id":"https:\/\/cardemilgestioninmobiliaria.cl\/#organization","name":"Arriendo Departamentos | La Serena Coquimbo | Vi\u00f1a del Mar","url":"https:\/\/cardemilgestioninmobiliaria.cl\/","logo":{"@type":"ImageObject","inLanguage":"en-US","@id":"https:\/\/cardemilgestioninmobiliaria.cl\/#\/schema\/logo\/image\/","url":"https:\/\/cardemilgestioninmobiliaria.cl\/wp-content\/uploads\/2023\/10\/cropped-logo.png","contentUrl":"https:\/\/cardemilgestioninmobiliaria.cl\/wp-content\/uploads\/2023\/10\/cropped-logo.png","width":312,"height":104,"caption":"Arriendo Departamentos  | La Serena Coquimbo | Vi\u00f1a del Mar"},"image":{"@id":"https:\/\/cardemilgestioninmobiliaria.cl\/#\/schema\/logo\/image\/"}}]}},"_links":{"self":[{"href":"https:\/\/cardemilgestioninmobiliaria.cl\/index.php\/wp-json\/wp\/v2\/product\/21","targetHints":{"allow":["GET"]}}],"collection":[{"href":"https:\/\/cardemilgestioninmobiliaria.cl\/index.php\/wp-json\/wp\/v2\/product"}],"about":[{"href":"https:\/\/cardemilgestioninmobiliaria.cl\/index.php\/wp-json\/wp\/v2\/types\/product"}],"replies":[{"embeddable":true,"href":"https:\/\/cardemilgestioninmobiliaria.cl\/index.php\/wp-json\/wp\/v2\/comments?post=21"}],"wp:featuredmedia":[{"embeddable":true,"href":"https:\/\/cardemilgestioninmobiliaria.cl\/index.php\/wp-json\/wp\/v2\/media\/94"}],"wp:attachment":[{"href":"https:\/\/cardemilgestioninmobiliaria.cl\/index.php\/wp-json\/wp\/v2\/media?parent=21"}],"wp:term":[{"taxonomy":"product_cat","embeddable":true,"href":"https:\/\/cardemilgestioninmobiliaria.cl\/index.php\/wp-json\/wp\/v2\/product_cat?post=21"},{"taxonomy":"product_tag","embeddable":true,"href":"https:\/\/cardemilgestioninmobiliaria.cl\/index.php\/wp-json\/wp\/v2\/product_tag?post=21"}],"curies":[{"name":"wp","href":"https:\/\/api.w.org\/{rel}","templated":true}]}}